n 178 is divided by r?
7
Let m = -169 - -169. Suppose m = 7*q - 1280 + 125. Calculate the remainder when q is divided by 28.
25
Let r = 1666 + -1536. What is the remainder when 320 is divided by r?
60
Let r be 36 + (-3 - (1 + -1)). Let a be 4*(r/(-12) + 3). Calculate the remainder when 63 is divided by a*6/(-4)*-2 - -13.
15
Let x(n) = 2*n**3 + 27*n**2 + 12*n - 13. Let i be x(-13). Suppose i = 191*s - 194*s + 132. Calculate the remainder when 172 is divided by s.
40
Let f(y) = 2*y**2 - 6*y + 3. Suppose h = -230 + 238. Calculate the remainder when f(4) is divided by h.
3
Let r(j) = -j**3 - 16*j**2 + 36*j + 5. Let h be r(-18). Suppose -5*a = -h*d + 1400, -4*a - 31 = -2*d + 533. Calculate the remainder when d is divided by 70.
68
Let l = -9044 - -9109. Calculate the remainder when 332 is divided by l.
7
Let q be (-1)/((-15)/(-9) - (-2)/(-1)). Suppose d = -3*o + 24 + 62, q*d + 61 = 2*o. What is the remainder when o is divided by 16?
13
Suppose 5*d - 2680 = 5*c, 2*c + 3*c + 1066 = 2*d. Let s = d - -734. What is the remainder when s/40 + 2/10 is divided by 11?
10
Let f be (-2 + 5)*(-29)/(-3). Suppose f*d = 5858 + 7888. Calculate the remainder when d is divided by 25.
24
Suppose 0*o = 6*o - 12. Suppose -5*i = o*b - 53, -5*i + b - 16 + 72 = 0. Let k = -30 + 81. Calculate the remainder when k is divided by i.
7
Let s = -331 + 926. Let q = -531 + s. What is the remainder when 167 is divided by q?
39
Suppose 23 = -2*v + 51. Let h(f) = -3*f - 49*f + 29*f + 6 - 52*f. What is the remainder when h(-1) is divided by v?
11
Let t(x) = -17*x + 6*x + 28 - 5*x - 19*x**2 + 6*x**2 + x**3. Let b be t(14). Suppose 10*y - 9*y - 7 = b. Calculate the remainder when 16 is divided by y.
2
Let s(g) = 20*g + 23. Let u be s(3). Let z = u - 55. What is the remainder when 53 is divided by z?
25
Let z = -1162 - -1179. Calculate the remainder when 334 is divided by z.
11
Let l = -389 + 387. What is the remainder when (7 - (-4)/l)*126/5 is divided by 44?
38
Suppose -g = -4*i - 3 + 6, -5*g + 2*i + 21 = 0. Suppose 5*b - n - 87 = 0, 0*n = g*b - 5*n - 75. Calculate the remainder when b is divided by 12.
6
Suppose 132*k = 128*k + 380. Suppose 0 = -3*v - 5*t + 52, -27 = 5*v - t - k. Calculate the remainder when v is divided by 2.
0
Let q(g) = -218*g + 6331. Calculate the remainder when q(25) is divided by 92.
53
What is the remainder when 5*2*13/1 is divided by ((-10)/((-2640)/(-408)))/((-8)/88)?
11
Suppose 0*b + 4*b + 45*b - 13181 = 0. What is the remainder when b is divided by 173?
96
Let k = 22352 - 22333. Calculate the remainder when 11549 is divided by k.
16
Let k(n) = -n**2 + 4*n - 7. Let t be k(10). Let o = t + 149. Suppose -w + o = -0*w - 4*a, 2*w + 4*a - 164 = 0. What is the remainder when w is divided by 14?
12
Suppose -297 = -5*y - 4*y. Suppose 24*z - y*z = -45. Suppose z*b - 20 - 50 = 0. Calculate the remainder when b is divided by 4.
2
Suppose 41*m + 47*m = 16*m + 1001088. Calculate the remainder when m is divided by 45.
44
Suppose -2944 - 236 = -1060*i. Suppose 3*s + 96 = 4*s. What is the remainder when s is divided by i?
0
What is the remainder when (-4)/16 + (-13623)/(-12) is divided by 163?
157
Let w = 2119 + -2052. Suppose -3*y = -16 + 46. What is the remainder when w is divided by (3/(-2) - 2)*y?
32
Let l(y) = 223*y + 9921. What is the remainder when l(-24) is divided by 1514?
27
Suppose -62*v + 3*v = 3*v - 1550. What is the remainder when 960 is divided by v?
10
Let z = 31739 - 30924. Calculate the remainder when z is divided by 9.
5
Suppose 0 = -3*x + 7*x - 12. Suppose 4*f - f = -2*b + 268, -x*f = 4*b - 524. Let a = b + -50. What is the remainder when a is divided by 20?
18
Let o = 2586 - 2525. Let c = 251 + -74. What is the remainder when c is divided by o?
55
Suppose -4*w = -177*u + 182*u - 4265, 5*w + 2*u = 5327. What is the remainder when w is divided by 149?
22
Suppose 200*h + 22 = -198*h + 399*h. What is the remainder when 231 is divided by h?
11
Let j(r) = -10*r - 84. Let a be j(-20). Let x = a - 74. Let n(s) = -s**3 - s + 16. What is the remainder when x is divided by n(0)?
10
Suppose 3*a - 67 = 2*o, -4*a - 5*o + 14 = -37. What is the remainder when (-1)/((-3)/(-125))*-3 is divided by a?
11
Suppose t + 4*f + 8 = 0, 6*t - 23 = t + f. Let h = -40 - -147. Suppose -5*m = -3*s - h, 4*m - s + 21 - 101 = 0. What is the remainder when m is divided by t?
3
Suppose -615 = -6*h + h. Suppose 0 = 6*u - 57 - h. Let k = u + -20. Calculate the remainder when 37 is divided by k.
7
Suppose -91*m = -73*m - 450. Let t = 148 - m. Calculate the remainder when t is divided by 7.
4
Let l = 2859 - 2824. Calculate the remainder when 816 is divided by l.
11
Suppose 6 = -2*t - 4*q + 2, 5*t = 5*q + 65. Suppose 0 = -t*n - 214 + 230. What is the remainder when 2 is divided by n?
0
Let s = 1060 - 1021. Suppose -2370 = s*a - 54*a. Calculate the remainder when a is divided by (4/3)/((-3)/(-36)).
14
What is the remainder when (-6)/63*-276 - (-2)/(-7) is divided by 24?
2
Let y be (-16)/(-7) - (3 + (-38)/14). Suppose -5*v + 5*t + 300 = 0, t = y*v + 5*t - 126. Calculate the remainder when 116 is divided by v.
55
Let y(b) = 35*b**2 - b + 3. Let k be y(-4). Suppose 675 = 5*u - 5*j, -4*u - 6*j + j = -k. Suppose u + 42 = 6*i. What is the remainder when i is divided by 12?
6
Let o(s) = 3*s - 22. Let y be o(9). Suppose h - y*h = 5*w - 26, 0 = h - 2*w. Suppose -25 = -j - h*j. Calculate the remainder when 9 is divided by j.
4
Suppose 0 = -2*j - 5*s - 13, 2*s = -2*j + 7*j - 40. Suppose 0 = 15*p - 448 - 1412. Let g = p - 103. What is the remainder when g is divided by j?
3
Let s = 13 - 16. Let r be -1*(0 - s) + 25. Suppose 0 = 2*m - 172 + r. Calculate the remainder when m is divided by 19.
18
Let t(j) = 29*j - 180. Let x be t(7). Suppose -4*s + x = -1. Calculate the remainder when 32 is divided by s.
2
Suppose -l - r - 1 = -2*l, -3*l + 4*r + 1 = 0. What is the remainder when 0 + l - -1 - -169 is divided by 62?
49
Calculate the remainder when 257 is divided by (((-42)/12)/(-7))/(8/1152).
41
Suppose a = b - 6, -2*b - 4*a = b - 11. Suppose b*g - 798 = -323. Let f = g + -66. Calculate the remainder when 110 is divided by f.
23
Suppose y + 3*n + 3711 = 17520, -3*n = 5*y - 69105. Calculate the remainder when y is divided by 31.
29
Let j(v) = -57*v - 326. What is the remainder when 337 is divided by j(-8)?
77
Let i be ((-8)/6)/((-24)/108). Let l = i + 5. Calculate the remainder when 42 is divided by 1/((-3 + 4)/l).
9
Let k(g) = -g**3 + 15*g**2 + 19*g + 34. Let n(i) = -5*i + 14. Let q(v) = 1. Let z(m) = n(m) - 6*q(m). What is the remainder when k(16) is divided by z(-4)?
26
Suppose 0 = -3*z + 5*o - 43, 0*o - 37 = 2*z - 5*o. Let j = -2 - z. Suppose 18*q = 191 - 155. Calculate the remainder when j is divided by q.
0
Let s(q) = q**2 + 2*q + 10. Let w be -58*(-6)/24*(-2)/(-1). Let x = -33 + w. Calculate the remainder when 53 is divided by s(x).
17
Let i = 5918 + -6091. Let p(w) = 31*w + 6. Let j be p(-4). Let v = j - i. Calculate the remainder when v is divided by 14.
13
Let m(z) = 4*z**3 - 15*z**2 - 50*z + 202. What is the remainder when ((-335)/(-20))/(2/8) is divided by m(4)?
13
Suppose -x - 90 + 217 = 2*f, x = 2*f - 109. What is the remainder when 49736 is divided by f?
58
Let c(f) = -42*f - 101. Let w be c(-13). Let l = w + -343. What is the remainder when l is divided by 20?
2
Suppose -3*t = 4*h - t - 86, 5*h = 4*t + 140. Let f be 18/12 + (-4)/(h/105). What is the remainder when 33 is divided by (-74)/(-6) - f/(-48)?
9
Suppose -21*l - 59*l = -830 + 30. What is the remainder when 3168 is divided by l?
8
Suppose -4*s - 397 = -k, -2*k - 22*s + 820 = -17*s. Calculate the remainder when k is divided by 198.
9
Let n(x) = -14*x + 216. Let j be -76*(-3)/16 + (-12)/(-16). What is the remainder when 23 is divided by n(j)?
5
Suppose 3*u - 4*t = 791, -u + 242 = 8*t - 5*t. Let r(l) = -2*l**3 - 54*l**2 - 92*l + 210. Calculate the remainder when u is divided by r(-25).
7
Let l(n) = 7*n + 3. Let x be l(-1). Let g be (-54)/8 + x/16. Let m = g + 27. What is the remainder when 79 is divided by m?
19
Let n(t) = 130*t + 9947. Calculate the remainder when n(-58) is divided by 63.
13
Let z(x) = 3*x**2 + x - 10. Suppose -80*p + 56*p = 82*p - 44308. What is the remainder when p is divided by z(3)?
18
Let g(a) = 2*a**2 - 27*a - 119.